{"id":102,"date":"2024-03-31T18:44:14","date_gmt":"2024-03-31T16:44:14","guid":{"rendered":"https:\/\/yoganomade.net\/?page_id=102"},"modified":"2026-04-21T16:46:34","modified_gmt":"2026-04-21T14:46:34","slug":"evenements-actualites","status":"publish","type":"page","link":"https:\/\/yoganomade.net\/index.php\/evenements-actualites\/","title":{"rendered":"Actualit\u00e9s \/ Retraites"},"content":{"rendered":"\n<h2 class=\"wp-block-heading\">RETRAITE F\u00c9VRIER 2026<\/h2>\n\n\n\n<figure class=\"wp-block-embed is-type-video is-provider-youtube wp-block-embed-youtube wp-embed-aspect-16-9 wp-has-aspect-ratio\"><div class=\"wp-block-embed__wrapper\">\n<iframe loading=\"lazy\" title=\"Retraite Goa \ud83c\uddee\ud83c\uddf3 2026\" width=\"563\" height=\"1000\" src=\"https:\/\/www.youtube.com\/embed\/8mr7nuHn9FI?feature=oembed\" frameborder=\"0\" allow=\"accelerometer; autoplay; clipboard-write; encrypted-media; gyroscope; picture-in-picture; web-share\" referrerpolicy=\"strict-origin-when-cross-origin\" allowfullscreen><\/iframe>\n<\/div><\/figure>\n\n\n\n<p><\/p>\n\n\n\n<h2 class=\"wp-block-heading\">LES ANN\u00c9ES PR\u00c9CEDENTES<\/h2>\n\n\n\n<figure class=\"wp-block-embed is-type-video is-provider-youtube wp-block-embed-youtube wp-embed-aspect-16-9 wp-has-aspect-ratio\"><div class=\"wp-block-embed__wrapper\">\n<iframe loading=\"lazy\" title=\"Retraite Yoga Inde 2025\" width=\"563\" height=\"1000\" src=\"https:\/\/www.youtube.com\/embed\/lXYqu2ZOemI?feature=oembed\" frameborder=\"0\" allow=\"accelerometer; autoplay; clipboard-write; encrypted-media; gyroscope; picture-in-picture; web-share\" referrerpolicy=\"strict-origin-when-cross-origin\" allowfullscreen><\/iframe>\n<\/div><\/figure>\n\n\n\n<figure class=\"wp-block-embed is-type-video is-provider-youtube wp-block-embed-youtube wp-embed-aspect-16-9 wp-has-aspect-ratio\"><div class=\"wp-block-embed__wrapper\">\n<iframe loading=\"lazy\" title=\"Retraite Yoga Portugal 2024\" width=\"563\" height=\"1000\" src=\"https:\/\/www.youtube.com\/embed\/7b6Y-hbFfHQ?feature=oembed\" frameborder=\"0\" allow=\"accelerometer; autoplay; clipboard-write; encrypted-media; gyroscope; picture-in-picture; web-share\" referrerpolicy=\"strict-origin-when-cross-origin\" allowfullscreen><\/iframe>\n<\/div><\/figure>\n\n\n\n<p><\/p>\n\n\n\n<p><\/p>\n","protected":false},"excerpt":{"rendered":"<p>RETRAITE F\u00c9VRIER 2026 LES ANN\u00c9ES PR\u00c9CEDENTES<\/p>\n","protected":false},"author":1,"featured_media":0,"parent":0,"menu_order":0,"comment_status":"closed","ping_status":"closed","template":"","meta":{"footnotes":""},"class_list":["post-102","page","type-page","status-publish","hentry"],"_links":{"self":[{"href":"https:\/\/yoganomade.net\/index.php\/wp-json\/wp\/v2\/pages\/102","targetHints":{"allow":["GET"]}}],"collection":[{"href":"https:\/\/yoganomade.net\/index.php\/wp-json\/wp\/v2\/pages"}],"about":[{"href":"https:\/\/yoganomade.net\/index.php\/wp-json\/wp\/v2\/types\/page"}],"author":[{"embeddable":true,"href":"https:\/\/yoganomade.net\/index.php\/wp-json\/wp\/v2\/users\/1"}],"replies":[{"embeddable":true,"href":"https:\/\/yoganomade.net\/index.php\/wp-json\/wp\/v2\/comments?post=102"}],"version-history":[{"count":73,"href":"https:\/\/yoganomade.net\/index.php\/wp-json\/wp\/v2\/pages\/102\/revisions"}],"predecessor-version":[{"id":1089,"href":"https:\/\/yoganomade.net\/index.php\/wp-json\/wp\/v2\/pages\/102\/revisions\/1089"}],"wp:attachment":[{"href":"https:\/\/yoganomade.net\/index.php\/wp-json\/wp\/v2\/media?parent=102"}],"curies":[{"name":"wp","href":"https:\/\/api.w.org\/{rel}","templated":true}]}}